{"id":422,"date":"2021-08-05T18:35:58","date_gmt":"2021-08-05T18:35:58","guid":{"rendered":"https:\/\/lusflay.com\/?page_id=422"},"modified":"2021-08-18T16:07:30","modified_gmt":"2021-08-18T16:07:30","slug":"movimiento-de-fluidos","status":"publish","type":"page","link":"https:\/\/lusflay.com\/index.php\/movimiento-de-fluidos\/","title":{"rendered":"Movimiento de fluidos"},"content":{"rendered":"\t\t<div data-elementor-type=\"wp-page\" data-elementor-id=\"422\" class=\"elementor elementor-422\">\n\t\t\t\t\t\t<section class=\"elementor-section elementor-top-section elementor-element elementor-element-f237661 elementor-section-boxed elementor-section-height-default elementor-section-height-default parallax_section_no qode_elementor_container_no\" data-id=\"f237661\" data-element_type=\"section\" data-e-type=\"section\">\n\t\t\t\t\t\t<div class=\"elementor-container elementor-column-gap-default\">\n\t\t\t\t\t<div class=\"elementor-column elementor-col-100 elementor-top-column elementor-element elementor-element-d60aea1\" data-id=\"d60aea1\" data-element_type=\"column\" data-e-type=\"column\">\n\t\t\t<div class=\"elementor-widget-wrap elementor-element-populated\">\n\t\t\t\t\t\t<div class=\"elementor-element elementor-element-bef10e1 elementor-widget elementor-widget-text-editor\" data-id=\"bef10e1\" data-element_type=\"widget\" data-e-type=\"widget\" data-widget_type=\"text-editor.default\">\n\t\t\t\t<div class=\"elementor-widget-container\">\n\t\t\t\t\t\t\t\t\t<p>Bombas electro sumergibles, anfibias, autocebantes, al vac\u00edo, para pulpa, para fluidos corrosivos, dragas y bombas dragadoras, motobombas.<\/p>\t\t\t\t\t\t\t\t<\/div>\n\t\t\t\t<\/div>\n\t\t\t\t\t<\/div>\n\t\t<\/div>\n\t\t\t\t\t<\/div>\n\t\t<\/section>\n\t\t\t\t<section data-q_id=\"#dragflow\" class=\"elementor-section elementor-top-section elementor-element elementor-element-1feb989 elementor-section-boxed elementor-section-height-default elementor-section-height-default parallax_section_no qode_elementor_container_no\" data-id=\"1feb989\" data-element_type=\"section\" data-e-type=\"section\">\n\t\t\t\t\t\t<div class=\"elementor-container elementor-column-gap-default\">\n\t\t\t\t\t<div class=\"elementor-column elementor-col-50 elementor-top-column elementor-element elementor-element-ff9e9c7\" data-id=\"ff9e9c7\" data-element_type=\"column\" data-e-type=\"column\">\n\t\t\t<div class=\"elementor-widget-wrap elementor-element-populated\">\n\t\t\t\t\t\t<div class=\"elementor-element elementor-element-d9f10a1 elementor-widget elementor-widget-image\" data-id=\"d9f10a1\" data-element_type=\"widget\" data-e-type=\"widget\" data-widget_type=\"image.default\">\n\t\t\t\t<div class=\"elementor-widget-container\">\n\t\t\t\t\t\t\t\t\t\t\t\t\t\t\t<img fetchpriority=\"high\" decoding=\"async\" width=\"1024\" height=\"1000\" src=\"https:\/\/lusflay.com\/wp-content\/uploads\/2021\/08\/AMPHIBIOUS-DREDGE-PANAMA-10-1024x1000.jpg\" class=\"attachment-large size-large wp-image-435\" alt=\"\" srcset=\"https:\/\/lusflay.com\/wp-content\/uploads\/2021\/08\/AMPHIBIOUS-DREDGE-PANAMA-10-1024x1000.jpg 1024w, https:\/\/lusflay.com\/wp-content\/uploads\/2021\/08\/AMPHIBIOUS-DREDGE-PANAMA-10-300x293.jpg 300w, https:\/\/lusflay.com\/wp-content\/uploads\/2021\/08\/AMPHIBIOUS-DREDGE-PANAMA-10-768x750.jpg 768w, https:\/\/lusflay.com\/wp-content\/uploads\/2021\/08\/AMPHIBIOUS-DREDGE-PANAMA-10-700x684.jpg 700w, https:\/\/lusflay.com\/wp-content\/uploads\/2021\/08\/AMPHIBIOUS-DREDGE-PANAMA-10.jpg 1536w\" sizes=\"(max-width: 1024px) 100vw, 1024px\" \/>\t\t\t\t\t\t\t\t\t\t\t\t\t\t\t<\/div>\n\t\t\t\t<\/div>\n\t\t\t\t\t<\/div>\n\t\t<\/div>\n\t\t\t\t<div class=\"elementor-column elementor-col-50 elementor-top-column elementor-element elementor-element-b75f7ca\" data-id=\"b75f7ca\" data-element_type=\"column\" data-e-type=\"column\">\n\t\t\t<div class=\"elementor-widget-wrap elementor-element-populated\">\n\t\t\t\t\t\t<div class=\"elementor-element elementor-element-45c8c99 elementor-widget elementor-widget-heading\" data-id=\"45c8c99\" data-element_type=\"widget\" data-e-type=\"widget\" data-widget_type=\"heading.default\">\n\t\t\t\t<div class=\"elementor-widget-container\">\n\t\t\t\t\t<h2 class=\"elementor-heading-title elementor-size-default\">DRAGFLOW<\/h2>\t\t\t\t<\/div>\n\t\t\t\t<\/div>\n\t\t\t\t<div class=\"elementor-element elementor-element-e20da5d elementor-widget elementor-widget-text-editor\" data-id=\"e20da5d\" data-element_type=\"widget\" data-e-type=\"widget\" data-widget_type=\"text-editor.default\">\n\t\t\t\t<div class=\"elementor-widget-container\">\n\t\t\t\t\t\t\t\t\t<h5><strong>Tecnolog\u00eda de dragado para cubrir grandes \u00e1reas y bombas sumergibles para trabajos pesados en minas, puertos, industria y offshore.<\/strong><\/h5><h5>\u00a0<\/h5><p>Dragflow ofrece la posibilidad de crear sistemas de bombeo completos y a medida para concretar cualquier tipo de proyecto, hasta los m\u00e1s demandantes.<\/p><p><br \/>Cuenta con la tecnolog\u00eda necesaria para cubrir grandes \u00e1reas de dragado e incorpora la posibilidad de trabajar con s\u00f3lidos compactos gracias a accesorios como sus cortadores hidr\u00e1ulicos.<\/p>\t\t\t\t\t\t\t\t<\/div>\n\t\t\t\t<\/div>\n\t\t\t\t\t<\/div>\n\t\t<\/div>\n\t\t\t\t\t<\/div>\n\t\t<\/section>\n\t\t\t\t<section data-q_id=\"#keto\" class=\"elementor-section elementor-top-section elementor-element elementor-element-0332bfb elementor-section-boxed elementor-section-height-default elementor-section-height-default parallax_section_no qode_elementor_container_no\" data-id=\"0332bfb\" data-element_type=\"section\" data-e-type=\"section\">\n\t\t\t\t\t\t<div class=\"elementor-container elementor-column-gap-default\">\n\t\t\t\t\t<div class=\"elementor-column elementor-col-50 elementor-top-column elementor-element elementor-element-3cb7384\" data-id=\"3cb7384\" data-element_type=\"column\" data-e-type=\"column\">\n\t\t\t<div class=\"elementor-widget-wrap elementor-element-populated\">\n\t\t\t\t\t\t<div class=\"elementor-element elementor-element-ad4e2da elementor-widget elementor-widget-heading\" data-id=\"ad4e2da\" data-element_type=\"widget\" data-e-type=\"widget\" data-widget_type=\"heading.default\">\n\t\t\t\t<div class=\"elementor-widget-container\">\n\t\t\t\t\t<h2 class=\"elementor-heading-title elementor-size-default\">KETO<\/h2>\t\t\t\t<\/div>\n\t\t\t\t<\/div>\n\t\t\t\t<div class=\"elementor-element elementor-element-02f3dd6 elementor-widget elementor-widget-text-editor\" data-id=\"02f3dd6\" data-element_type=\"widget\" data-e-type=\"widget\" data-widget_type=\"text-editor.default\">\n\t\t\t\t<div class=\"elementor-widget-container\">\n\t\t\t\t\t\t\t\t\t<h5><strong>Bombas para pulpas dise\u00f1adas para las aplicaciones de bombeo m\u00e1s abrasivas y corrosivas.<\/strong><\/h5><p>KETO ofrece una gama completa de bombas de lodos horizontales dise\u00f1adas con las \u00faltimas tecnolog\u00edas hidr\u00e1ulicas y de alto rendimiento para hacer frente a las aplicaciones de lodos corrosivos y abrasivos m\u00e1s severas.<\/p><p><br \/>Est\u00e1n dise\u00f1adas para procesamiento de minerales, procesamiento qu\u00edmico, preparaci\u00f3n de carb\u00f3n, manejo de efluentes, grava y arena, as\u00ed como para otras aplicaciones especiales.<\/p>\t\t\t\t\t\t\t\t<\/div>\n\t\t\t\t<\/div>\n\t\t\t\t\t<\/div>\n\t\t<\/div>\n\t\t\t\t<div class=\"elementor-column elementor-col-50 elementor-top-column elementor-element elementor-element-1a79cc8\" data-id=\"1a79cc8\" data-element_type=\"column\" data-e-type=\"column\">\n\t\t\t<div class=\"elementor-widget-wrap elementor-element-populated\">\n\t\t\t\t\t\t<div class=\"elementor-element elementor-element-d268ecc elementor-widget elementor-widget-image\" data-id=\"d268ecc\" data-element_type=\"widget\" data-e-type=\"widget\" data-widget_type=\"image.default\">\n\t\t\t\t<div class=\"elementor-widget-container\">\n\t\t\t\t\t\t\t\t\t\t\t\t\t\t\t<img decoding=\"async\" width=\"400\" height=\"300\" src=\"https:\/\/lusflay.com\/wp-content\/uploads\/2021\/08\/k-l.jpg\" class=\"attachment-large size-large wp-image-430\" alt=\"\" srcset=\"https:\/\/lusflay.com\/wp-content\/uploads\/2021\/08\/k-l.jpg 400w, https:\/\/lusflay.com\/wp-content\/uploads\/2021\/08\/k-l-300x225.jpg 300w\" sizes=\"(max-width: 400px) 100vw, 400px\" \/>\t\t\t\t\t\t\t\t\t\t\t\t\t\t\t<\/div>\n\t\t\t\t<\/div>\n\t\t\t\t\t<\/div>\n\t\t<\/div>\n\t\t\t\t\t<\/div>\n\t\t<\/section>\n\t\t\t\t<section data-q_id=\"#higra\" class=\"elementor-section elementor-top-section elementor-element elementor-element-b025799 elementor-section-boxed elementor-section-height-default elementor-section-height-default parallax_section_no qode_elementor_container_no\" data-id=\"b025799\" data-element_type=\"section\" data-e-type=\"section\">\n\t\t\t\t\t\t<div class=\"elementor-container elementor-column-gap-default\">\n\t\t\t\t\t<div class=\"elementor-column elementor-col-50 elementor-top-column elementor-element elementor-element-064e75d\" data-id=\"064e75d\" data-element_type=\"column\" data-e-type=\"column\">\n\t\t\t<div class=\"elementor-widget-wrap elementor-element-populated\">\n\t\t\t\t\t\t<div class=\"elementor-element elementor-element-0d112b7 elementor-widget elementor-widget-image\" data-id=\"0d112b7\" data-element_type=\"widget\" data-e-type=\"widget\" data-widget_type=\"image.default\">\n\t\t\t\t<div class=\"elementor-widget-container\">\n\t\t\t\t\t\t\t\t\t\t\t\t\t\t\t<img decoding=\"async\" width=\"1024\" height=\"1024\" src=\"https:\/\/lusflay.com\/wp-content\/uploads\/2021\/08\/higrapumps-1024x1024.jpg\" class=\"attachment-large size-large wp-image-444\" alt=\"\" srcset=\"https:\/\/lusflay.com\/wp-content\/uploads\/2021\/08\/higrapumps-1024x1024.jpg 1024w, https:\/\/lusflay.com\/wp-content\/uploads\/2021\/08\/higrapumps-300x300.jpg 300w, https:\/\/lusflay.com\/wp-content\/uploads\/2021\/08\/higrapumps-150x150.jpg 150w, https:\/\/lusflay.com\/wp-content\/uploads\/2021\/08\/higrapumps-768x768.jpg 768w, https:\/\/lusflay.com\/wp-content\/uploads\/2021\/08\/higrapumps-570x570.jpg 570w, https:\/\/lusflay.com\/wp-content\/uploads\/2021\/08\/higrapumps-500x500.jpg 500w, https:\/\/lusflay.com\/wp-content\/uploads\/2021\/08\/higrapumps-1000x1000.jpg 1000w, https:\/\/lusflay.com\/wp-content\/uploads\/2021\/08\/higrapumps-700x700.jpg 700w, https:\/\/lusflay.com\/wp-content\/uploads\/2021\/08\/higrapumps-650x650.jpg 650w, https:\/\/lusflay.com\/wp-content\/uploads\/2021\/08\/higrapumps.jpg 1280w\" sizes=\"(max-width: 1024px) 100vw, 1024px\" \/>\t\t\t\t\t\t\t\t\t\t\t\t\t\t\t<\/div>\n\t\t\t\t<\/div>\n\t\t\t\t\t<\/div>\n\t\t<\/div>\n\t\t\t\t<div class=\"elementor-column elementor-col-50 elementor-top-column elementor-element elementor-element-0d431fb\" data-id=\"0d431fb\" data-element_type=\"column\" data-e-type=\"column\">\n\t\t\t<div class=\"elementor-widget-wrap elementor-element-populated\">\n\t\t\t\t\t\t<div class=\"elementor-element elementor-element-4688d33 elementor-widget elementor-widget-heading\" data-id=\"4688d33\" data-element_type=\"widget\" data-e-type=\"widget\" data-widget_type=\"heading.default\">\n\t\t\t\t<div class=\"elementor-widget-container\">\n\t\t\t\t\t<h2 class=\"elementor-heading-title elementor-size-default\">higra<\/h2>\t\t\t\t<\/div>\n\t\t\t\t<\/div>\n\t\t\t\t<div class=\"elementor-element elementor-element-d79acd3 elementor-widget elementor-widget-text-editor\" data-id=\"d79acd3\" data-element_type=\"widget\" data-e-type=\"widget\" data-widget_type=\"text-editor.default\">\n\t\t\t\t<div class=\"elementor-widget-container\">\n\t\t\t\t\t\t\t\t\t<h5><strong>Soluciones para manejo de aguas residuales y generaci\u00f3n de energ\u00eda<\/strong><\/h5><p>\u00a0<\/p><p>Referente mundial en turbogeneradores anfibios, bombas anfibias, aireadores y mezcladores, HIGRA re\u00fane innovaci\u00f3n y sostenibilidad a un equipo de expertos con m\u00e1s de 40 a\u00f1os de experiencia en este campo.<\/p><p>\u00a0<\/p><ul><li>Soluciones anfibias para sistemas de bombeo<\/li><li>Soluciones para tratamiento de efluentes<\/li><li>Soluciones de generaci\u00f3n de energ\u00eda anfibia <\/li><\/ul>\t\t\t\t\t\t\t\t<\/div>\n\t\t\t\t<\/div>\n\t\t\t\t\t<\/div>\n\t\t<\/div>\n\t\t\t\t\t<\/div>\n\t\t<\/section>\n\t\t\t\t<section data-q_id=\"#schurcoslurry\" class=\"elementor-section elementor-top-section elementor-element elementor-element-92f9988 elementor-section-boxed elementor-section-height-default elementor-section-height-default parallax_section_no qode_elementor_container_no\" data-id=\"92f9988\" data-element_type=\"section\" data-e-type=\"section\">\n\t\t\t\t\t\t<div class=\"elementor-container elementor-column-gap-default\">\n\t\t\t\t\t<div class=\"elementor-column elementor-col-50 elementor-top-column elementor-element elementor-element-7dc9a29\" data-id=\"7dc9a29\" data-element_type=\"column\" data-e-type=\"column\">\n\t\t\t<div class=\"elementor-widget-wrap elementor-element-populated\">\n\t\t\t\t\t\t<div class=\"elementor-element elementor-element-6555271 elementor-widget elementor-widget-heading\" data-id=\"6555271\" data-element_type=\"widget\" data-e-type=\"widget\" data-widget_type=\"heading.default\">\n\t\t\t\t<div class=\"elementor-widget-container\">\n\t\t\t\t\t<h2 class=\"elementor-heading-title elementor-size-default\">Schurco Slurry<\/h2>\t\t\t\t<\/div>\n\t\t\t\t<\/div>\n\t\t\t\t<div class=\"elementor-element elementor-element-52fd609 elementor-widget elementor-widget-text-editor\" data-id=\"52fd609\" data-element_type=\"widget\" data-e-type=\"widget\" data-widget_type=\"text-editor.default\">\n\t\t\t\t<div class=\"elementor-widget-container\">\n\t\t\t\t\t\t\t\t\t<h5><strong>Aptas para miner\u00eda, <\/strong><strong>dragado, excavaciones y <\/strong><strong>procesamiento industrial.<\/strong><\/h5><p>Los dise\u00f1os de Schurco Slurry\u00ae cubren un amplio rango de aplicaciones con diversos materiales, sellos y rendimiento hidr\u00e1ulico para las tareas m\u00e1s rigurosas.<\/p><p><br \/>Est\u00e1n dise\u00f1adas para desempe\u00f1arse en miner\u00eda de roca dura (oro, cobre, hierro, plata), procesamiento de minerales (como carb\u00f3n y aluminio), agregados (arena, grava, concreto, dragado), energ\u00eda, uso industrial (pulpa y papel, refiner\u00edas, procesamiento de alimentos) y manipulaci\u00f3n de s\u00f3lidos.<\/p>\t\t\t\t\t\t\t\t<\/div>\n\t\t\t\t<\/div>\n\t\t\t\t\t<\/div>\n\t\t<\/div>\n\t\t\t\t<div class=\"elementor-column elementor-col-50 elementor-top-column elementor-element elementor-element-ec0e23b\" data-id=\"ec0e23b\" data-element_type=\"column\" data-e-type=\"column\">\n\t\t\t<div class=\"elementor-widget-wrap elementor-element-populated\">\n\t\t\t\t\t\t<div class=\"elementor-element elementor-element-c856d6e elementor-widget elementor-widget-image\" data-id=\"c856d6e\" data-element_type=\"widget\" data-e-type=\"widget\" data-widget_type=\"image.default\">\n\t\t\t\t<div class=\"elementor-widget-container\">\n\t\t\t\t\t\t\t\t\t\t\t\t\t\t\t<img loading=\"lazy\" decoding=\"async\" width=\"1024\" height=\"953\" src=\"https:\/\/lusflay.com\/wp-content\/uploads\/2021\/08\/schurcoslurryfamilia-1-1024x953.jpg\" class=\"attachment-large size-large wp-image-461\" alt=\"\" srcset=\"https:\/\/lusflay.com\/wp-content\/uploads\/2021\/08\/schurcoslurryfamilia-1-1024x953.jpg 1024w, https:\/\/lusflay.com\/wp-content\/uploads\/2021\/08\/schurcoslurryfamilia-1-300x279.jpg 300w, https:\/\/lusflay.com\/wp-content\/uploads\/2021\/08\/schurcoslurryfamilia-1-768x715.jpg 768w, https:\/\/lusflay.com\/wp-content\/uploads\/2021\/08\/schurcoslurryfamilia-1-700x652.jpg 700w, https:\/\/lusflay.com\/wp-content\/uploads\/2021\/08\/schurcoslurryfamilia-1.jpg 1536w\" sizes=\"(max-width: 1024px) 100vw, 1024px\" \/>\t\t\t\t\t\t\t\t\t\t\t\t\t\t\t<\/div>\n\t\t\t\t<\/div>\n\t\t\t\t\t<\/div>\n\t\t<\/div>\n\t\t\t\t\t<\/div>\n\t\t<\/section>\n\t\t\t\t<section data-q_id=\"#millar\" class=\"elementor-section elementor-top-section elementor-element elementor-element-59374a7 elementor-section-boxed elementor-section-height-default elementor-section-height-default parallax_section_no qode_elementor_container_no\" data-id=\"59374a7\" data-element_type=\"section\" data-e-type=\"section\">\n\t\t\t\t\t\t<div class=\"elementor-container elementor-column-gap-default\">\n\t\t\t\t\t<div class=\"elementor-column elementor-col-50 elementor-top-column elementor-element elementor-element-84073fa\" data-id=\"84073fa\" data-element_type=\"column\" data-e-type=\"column\">\n\t\t\t<div class=\"elementor-widget-wrap elementor-element-populated\">\n\t\t\t\t\t\t<div class=\"elementor-element elementor-element-3cd50fc elementor-widget elementor-widget-image\" data-id=\"3cd50fc\" data-element_type=\"widget\" data-e-type=\"widget\" data-widget_type=\"image.default\">\n\t\t\t\t<div class=\"elementor-widget-container\">\n\t\t\t\t\t\t\t\t\t\t\t\t\t\t\t<img loading=\"lazy\" decoding=\"async\" width=\"1024\" height=\"683\" src=\"https:\/\/lusflay.com\/wp-content\/uploads\/2021\/08\/pompe-autoadescanti-millar-1024x683.jpg\" class=\"attachment-large size-large wp-image-455\" alt=\"\" srcset=\"https:\/\/lusflay.com\/wp-content\/uploads\/2021\/08\/pompe-autoadescanti-millar-1024x683.jpg 1024w, https:\/\/lusflay.com\/wp-content\/uploads\/2021\/08\/pompe-autoadescanti-millar-300x200.jpg 300w, https:\/\/lusflay.com\/wp-content\/uploads\/2021\/08\/pompe-autoadescanti-millar-768x512.jpg 768w, https:\/\/lusflay.com\/wp-content\/uploads\/2021\/08\/pompe-autoadescanti-millar-700x467.jpg 700w, https:\/\/lusflay.com\/wp-content\/uploads\/2021\/08\/pompe-autoadescanti-millar.jpg 1200w\" sizes=\"(max-width: 1024px) 100vw, 1024px\" \/>\t\t\t\t\t\t\t\t\t\t\t\t\t\t\t<\/div>\n\t\t\t\t<\/div>\n\t\t\t\t\t<\/div>\n\t\t<\/div>\n\t\t\t\t<div class=\"elementor-column elementor-col-50 elementor-top-column elementor-element elementor-element-f1a76c9\" data-id=\"f1a76c9\" data-element_type=\"column\" data-e-type=\"column\">\n\t\t\t<div class=\"elementor-widget-wrap elementor-element-populated\">\n\t\t\t\t\t\t<div class=\"elementor-element elementor-element-7dcb496 elementor-widget elementor-widget-heading\" data-id=\"7dcb496\" data-element_type=\"widget\" data-e-type=\"widget\" data-widget_type=\"heading.default\">\n\t\t\t\t<div class=\"elementor-widget-container\">\n\t\t\t\t\t<h2 class=\"elementor-heading-title elementor-size-default\">Millar<\/h2>\t\t\t\t<\/div>\n\t\t\t\t<\/div>\n\t\t\t\t<div class=\"elementor-element elementor-element-b9be706 elementor-widget elementor-widget-text-editor\" data-id=\"b9be706\" data-element_type=\"widget\" data-e-type=\"widget\" data-widget_type=\"text-editor.default\">\n\t\t\t\t<div class=\"elementor-widget-container\">\n\t\t\t\t\t\t\t\t\t<h5><strong>Cuenta con dos grandes tipos <\/strong><strong>de bombas centr\u00edfugas auto cebantes: con y sin sistema de <\/strong><strong>vac\u00edo. <\/strong><\/h5><p>\u00a0<\/p><p>Los equipos se clasifican seg\u00fan los procesos para los que son m\u00e1s aptos:<\/p><ul><li>dewatering<\/li><li>deep well o pozo profundo<\/li><li>wellpoint<\/li><\/ul><p>\u00a0<\/p><p>Estas bombas encuentran aplicaciones en construcci\u00f3n, industrias varias, intensificaci\u00f3n de la agricultura, aplicaciones dedicadas, predisposici\u00f3n de bypass hidr\u00e1ulico, uso civil y protecci\u00f3n civil. <\/p>\t\t\t\t\t\t\t\t<\/div>\n\t\t\t\t<\/div>\n\t\t\t\t\t<\/div>\n\t\t<\/div>\n\t\t\t\t\t<\/div>\n\t\t<\/section>\n\t\t\t\t<\/div>\n\t\t","protected":false},"excerpt":{"rendered":"<p>Bombas electro sumergibles, anfibias, autocebantes, al vac\u00edo, para pulpa, para fluidos corrosivos, dragas y bombas dragadoras, motobombas. DRAGFLOW Tecnolog\u00eda de dragado para cubrir grandes \u00e1reas y bombas sumergibles para trabajos pesados en minas, puertos, industria y offshore. \u00a0 Dragflow ofrece la posibilidad de crear sistemas&#8230;<\/p>\n","protected":false},"author":3,"featured_media":0,"parent":0,"menu_order":0,"comment_status":"closed","ping_status":"closed","template":"","meta":{"footnotes":""},"class_list":["post-422","page","type-page","status-publish","hentry"],"_links":{"self":[{"href":"https:\/\/lusflay.com\/index.php\/wp-json\/wp\/v2\/pages\/422","targetHints":{"allow":["GET"]}}],"collection":[{"href":"https:\/\/lusflay.com\/index.php\/wp-json\/wp\/v2\/pages"}],"about":[{"href":"https:\/\/lusflay.com\/index.php\/wp-json\/wp\/v2\/types\/page"}],"author":[{"embeddable":true,"href":"https:\/\/lusflay.com\/index.php\/wp-json\/wp\/v2\/users\/3"}],"replies":[{"embeddable":true,"href":"https:\/\/lusflay.com\/index.php\/wp-json\/wp\/v2\/comments?post=422"}],"version-history":[{"count":35,"href":"https:\/\/lusflay.com\/index.php\/wp-json\/wp\/v2\/pages\/422\/revisions"}],"predecessor-version":[{"id":566,"href":"https:\/\/lusflay.com\/index.php\/wp-json\/wp\/v2\/pages\/422\/revisions\/566"}],"wp:attachment":[{"href":"https:\/\/lusflay.com\/index.php\/wp-json\/wp\/v2\/media?parent=422"}],"curies":[{"name":"wp","href":"https:\/\/api.w.org\/{rel}","templated":true}]}}